*a, 28 = 4*d + 2*a. Let v = d + -6. What is the remainder when v is divided by 1?
0
Suppose 3*m = 5 + 58. Let i(j) be the third derivative of j**4/8 - j**3/6 - 2*j**2. What is the remainder when m is divided by i(3)?
5
Let r(z) = 12*z - 2. Let l be (-6)/(-33) - 525/(-77). What is the remainder when r(l) is divided by (3 + 3)*(-7)/(-2)?
19
Suppose 3*v + 82 = -2*r + 209, 2*r = 2*v + 132. Suppose -12*p + 17*p + 95 = 5*n, -3*n + p = -63. What is the remainder when n is divided by 4/6 + r/15?
2
Suppose 27*m - 6*m - 819 = 0. Calculate the remainder when m is divided by 7.
4
Suppose 25 = 3*o - 20. Suppose -4*g - 3*a + 126 = 0, 0 = -g + 2*a + 7 + 19. Let w = -21 + g. What is the remainder when o is divided by w?
6
Let o(n) = 7*n + 263. Calculate the remainder when o(-30) is divided by 9.
8
Let f(o) = 210*o**2 - 6*o. Calculate the remainder when f(-1) is divided by 55.
51
Let l(q) = -2*q**2 - 7*q. Let c be l(-3). Suppose -c*a = 2*a - 40. Calculate the remainder when 78 is divided by a.
6
Suppose -70*q + 66*q = -20. Suppose 3 = 4*d - q. What is the remainder when (-4)/(-10) + (-36)/(-10) is divided by d?
0
Let x = 14 + 111. Calculate the remainder when x is divided by 8.
5
Suppose -8*x + 7*x - 12 = 0. What is the remainder when -1*(-4)/x*-21 is divided by (-1)/((-10)/4 - -2)?
1
Let w(j) = -2*j + 4. Let h(g) = 2*g - 4. Let f(s) = -6*h(s) - 5*w(s). What is the remainder when 3 is divided by f(1)?
1
Let d(w) = 42*w**2 + w + 1. Let b(m) = -8*m**3 + 2*m**2 - 14*m - 16. What is the remainder when d(-1) is divided by b(-1)?
2
Suppose 0 = 5*n - n. Suppose -2*l = 4*s + 15 + 39, n = -4*s - 16. Let i = -10 - l. Calculate the remainder when 25 is divided by i.
7
Let o(n) = -3*n - 7. Suppose 4*d = p - 49, -d + 6*p - p = 36. Let a(h) = h**2 + 8*h - 13. Calculate the remainder when a(d) is divided by o(-6).
9
Suppose 13*m - 719 = 9*m + 3*c, 2*m = -5*c + 379. What is the remainder when m is divided by 17?
12
Let x = 1 + 2. Suppose -5*o - x*q = -41, 4*o = -0*o - 3*q + 34. Suppose -1 = -2*g + o. What is the remainder when 13 is divided by g?
1
Let x be 1 - (1 - (-2 + 1)). Let s(y) = 46*y - 7. Let z(a) = -91*a + 13. Let w(m) = 11*s(m) + 6*z(m). Calculate the remainder when w(x) is divided by 11.
8
Let d(o) = 190*o - 140. Calculate the remainder when d(5) is divided by 74.
70
Let t = 69 + -18. Let f = 13 - 8. Suppose -4 = -f*y + 61. What is the remainder when t is divided by y?
12
Let k(s) = -15*s + 0 + 3 + s**3 - 1 + 17*s**2 - 4*s**2. Calculate the remainder when 94 is divided by k(-14).
14
Suppose 61 = -a + 4*a - 2*c, 0 = 4*a - 2*c - 78. Let n(l) = l**2 + l - 38. Calculate the remainder when n(-10) is divided by a.
1
Suppose 0 = 4*n + 5*r - 28, -n + 7 = -5*r + 4*r. Let a(o) = -16 + 420*o - 198*o - 213*o. What is the remainder when a(n) is divided by 12?
11
Suppose -4*x + 3*r = -145, -r + 2 = x - 29. Let z = 2959 + -2859. Calculate the remainder when z is divided by x.
32
Suppose -4*z + 95 = z. Calculate the remainder when 91 is divided by z.
15
Suppose -2*k + 125 = 3*k. Calculate the remainder when k is divided by 5 - ((-1)/(-2))/(28/(-392)).
1
Suppose v = 0, -6*v + 2*v = u - 24. Suppose 21*i + u = 25*i. Calculate the remainder when i is divided by 6.
0
Suppose 4*r - 693 = -7*r. Suppose -12 + 44 = 2*w. Calculate the remainder when r is divided by w.
15
Let r be 6 - (3 - 1 - 1). Suppose -2*k = -r*k + 69. What is the remainder when k is divided by 6?
5
Suppose 3*v = 8 + 1. Suppose 4*y - 3*u - 87 = 0, -v*y + 2*u = -79 + 13. Calculate the remainder when (-495)/(-5) - 12/(9/3) is divided by y.
23
Suppose -16 = -16*i + 256. Let d(y) = y**3 - 16*y**2 - 12*y + 13. What is the remainder when d(i) is divided by 25?
23
Suppose -5*s + 2*u + 5 = -7, -3*s + 4*u + 10 = 0. Suppose -v + 2*z + 2 = 0, 3 = -v - z + 5. What is the remainder when s is divided by v?
0
Let a be 3/((4/2)/2). Let d be 10 - 0/a - 2. Let m = -5 + d. Calculate the remainder when 3 is divided by m.
0
Let h(r) = -4*r - 3. Let q be h(2). Calculate the remainder when (-1)/(12/q - -1) is divided by 4.
3
Suppose 434 = 19*g - 288. What is the remainder when 93 is divided by g?
17
Suppose -3*j + 2 = -37. Suppose -89 = -0*a - a. Calculate the remainder when a is divided by 2/j + (-13662)/(-598).
20
Let j be 3/2*(-60)/(-18). Suppose -401 = -j*w - 61. Suppose -5*y - w = -i - 10*y, -i = -5*y - 18. Calculate the remainder when i is divided by 11.
10
Let f(y) = -20*y + 787. What is the remainder when 158 is divided by f(39)?
4
Let m = 17 - 14. Let d be m/(-1)*(-10)/3. Let v = d - -11. Calculate the remainder when v is divided by 12.
9
Let r be (-29 + -1 - -3)*-1. Suppose -h + 12 = j, 2*j = -2*h - h + r. Suppose 6*v - v - 15 = 0. Calculate the remainder when j is divided by v.
0
Let f(r) = r**3 + 6*r**2 - r + 10. What is the remainder when 4/(-6) + (-80)/(-3) is divided by f(-6)?
10
Let v = -1795 - -1970. Calculate the remainder when v is divided by 77.
21
Let w(l) = 16*l**2 - 44*l + 101. Let h(p) = -3*p**2 + 9*p - 20. Let f(s) = 11*h(s) + 2*w(s). What is the remainder when ((-46)/8)/((-3)/12) is divided by f(8)?
5
Let d be (4/3)/(24/54). Let c be 3*(d - 37/(-3)). Let o = -9 + c. Calculate the remainder when o is divided by 20.
17
Suppose -65*n + 59*n = -408. Calculate the remainder when 119 is divided by n.
51
Let z = 872 - 699. What is the remainder when z is divided by 48?
29
Let s = -4 + 7. Let r be ((-1)/3)/(-2*(-3)/(-54)). Suppose -4 = -y + r. What is the remainder when y is divided by s?
1
Let i(h) = -33*h + 9. Calculate the remainder when i(-3) is divided by 11.
9
Let c(u) be the third derivative of -u**6/120 - 4*u**5/15 + u**4/24 + 4*u**3 - 3*u**2. Calculate the remainder when c(-16) is divided by 2.
0
Let f(y) = -5*y**3 + 2*y + 2. Calculate the remainder when (-2)/(20/(-9) - -2) is divided by f(-1).
4
Let n be 104 + (-5)/5*0. Let l = n - 47. Calculate the remainder when l is divided by 16.
9
Let y(t) = 11*t**3 - 2*t**2 + 25*t - 5. Calculate the remainder when y(3) is divided by 16.
13
Let b(d) = -d**3 - 4*d**2 - 2*d + 3. Let s be b(-3). Suppose 5*f - r - 119 = s, 3*f - 2*f - 19 = 5*r. What is the remainder when 119 is divided by f?
23
Let l(h) = -47*h + 12. Let g be l(3). Let p = -98 - g. Calculate the remainder when 122 is divided by p.
29
Let i be (-9 + 42)/(1/(0 - -1)). Suppose -i = -4*q + 59. What is the remainder when 37 is divided by q?
14
Let s = 1895 - 1862. Calculate the remainder when 190 is divided by s.
25
Suppose n = -4*n - 50. Calculate the remainder when 62 is divided by 162/5 - n/(-25).
30
Suppose 5*h - 146 = -1. What is the remainder when (-1033)/(-9) - 2/(-9) is divided by h?
28
Let m = -61 + -4. Let u = m + 118. What is the remainder when u is divided by 18?
17
Suppose 9*h - 60 = -15. Calculate the remainder when -16*(1 - 6/4) is divided by h.
3
What is the remainder when ((-40)/(-6))/(-6 - 4420/(-735)) is divided by 29?
26
Suppose 4*d = -5*t + 12, d + 0*t - 2*t = 16. Suppose 2*a = 4*a + d. Calculate the remainder when 21 is divided by 8/32 - 47/a.
9
Let z(w) = 59*w**2 - 7*w - 10. What is the remainder when 247 is divided by z(-2)?
7
Let l(v) = v**3 + 22*v**2 + 13*v - 19. Let s be l(-21). Let r = s - 130. What is the remainder when 42 is divided by r?
4
Let n(z) = z**3 - 2*z + 33. Suppose 0 = -l - 0*k - 4*k + 20, 0 = -2*l + 3*k - 15. What is the remainder when n(l) is divided by 11?
0
Let b(v) = 3*v**2 - 21*v - 129. What is the remainder when b(-5) is divided by 9?
6
Let n(o) = o**3 - 17*o**2 - 40*o + 47. Let a(g) = 3*g + 4. Calculate the remainder when a(7) is divided by n(19).
7
Suppose -875 = -3*a - 5*t + 504, 0 = -4*a - t + 1867. Suppose -2*b - 2*b + a = 0. Let j = b + -46. Calculate the remainder when j is divided by 18.
17
Let c(h) = 2*h**2 - 47*h + 303. What is the remainder when 97 is divided by c(14)?
23
Let i(a) = 32 - 51 + 25 - a. Let g be i(4). Suppose -g - 36 = -2*b. Calculate the remainder when b is divided by 12.
7
Let n(y) = -5*y**3 + 27*y**2 + 8*y - 2. Calculate the remainder when n(4) is divided by 72.
70
Suppose 4*g = -u + 28, -4*g = -u - 2 + 22. What is the remainder when 60 is divided by u?
12
Let d = 1 - -8. Let g(o) = -2*o**3 + 4*o**2 + 13*o + 4. Let u be g(5). Let w = u - -84. Calculate the remainder when d is divided by w.
0
Suppose -236*i + 4188 = -1948. Let y = 150 - 75.